{"id":10002505,"date":"2025-08-22T11:19:23","date_gmt":"2025-08-22T09:19:23","guid":{"rendered":"https:\/\/advk.ch.80-74-156-75.zeus.metanet.ch\/event\/cie1-afp\/"},"modified":"2026-02-02T13:56:09","modified_gmt":"2026-02-02T12:56:09","slug":"cie1-afp","status":"publish","type":"tribe_events","link":"https:\/\/advk.ch\/fr\/event\/cie1-afp\/2027-09-30\/","title":{"rendered":"CIE1 AFP"},"content":{"rendered":"<div class=\"elementor-element elementor-element-614214e2 e-con-full e-flex e-con e-child\" role=\"region\" aria-labelledby=\"e-n-accordion-item-2040\" data-id=\"614214e2\" data-element_type=\"container\">\n<div class=\"elementor-element elementor-element-47cf9de5 elementor-widget elementor-widget-text-editor\" data-id=\"47cf9de5\" data-element_type=\"widget\" data-widget_type=\"text-editor.default\">\n<div class=\"elementor-widget-container\">\n<ul>\n<li>Lieu du cours : ERZ ARA Glatt \u00e0 Opfikon Zurich<\/li>\n<\/ul>\n<p><strong>Th\u00e8mes :<\/strong><\/p>\n<ul>\n<li>Assurer la s\u00e9curit\u00e9 au travail et la protection de la sant\u00e9<\/li>\n<li>Assurer la protection de l&rsquo;environnement et de l&rsquo;eau<\/li>\n<\/ul>\n<\/div>\n<\/div>\n<\/div>\n","protected":false},"excerpt":{"rendered":"<p>Lieu du cours : ERZ ARA Glatt \u00e0 Opfikon Zurich Th\u00e8mes : Assurer la s\u00e9curit\u00e9 au travail et la protection de la sant\u00e9 Assurer la protection de l&rsquo;environnement et de [&hellip;]<\/p>\n","protected":false},"author":1,"featured_media":0,"template":"","meta":{"_tribe_events_status":"","_tribe_events_status_reason":"","_tribe_events_is_hybrid":"","_tribe_events_is_virtual":"","_tribe_events_virtual_video_source":"","_tribe_events_virtual_embed_video":"","_tribe_events_virtual_linked_button_text":"","_tribe_events_virtual_linked_button":"","_tribe_events_virtual_show_embed_at":"","_tribe_events_virtual_show_embed_to":[],"_tribe_events_virtual_show_on_event":"","_tribe_events_virtual_show_on_views":"","_tribe_events_virtual_url":"","footnotes":""},"tags":[84],"tribe_events_cat":[50],"class_list":["post-10002505","tribe_events","type-tribe_events","status-publish","hentry","tag-franzosisch","tribe_events_cat-afp-fr","cat_afp-fr","tribe-recurring-event","tribe-recurring-event-parent"],"publishpress_future_workflow_manual_trigger":{"enabledWorkflows":[]},"_links":{"self":[{"href":"https:\/\/advk.ch\/fr\/wp-json\/wp\/v2\/tribe_events\/10002505","targetHints":{"allow":["GET"]}}],"collection":[{"href":"https:\/\/advk.ch\/fr\/wp-json\/wp\/v2\/tribe_events"}],"about":[{"href":"https:\/\/advk.ch\/fr\/wp-json\/wp\/v2\/types\/tribe_events"}],"author":[{"embeddable":true,"href":"https:\/\/advk.ch\/fr\/wp-json\/wp\/v2\/users\/1"}],"version-history":[{"count":0,"href":"https:\/\/advk.ch\/fr\/wp-json\/wp\/v2\/tribe_events\/10002505\/revisions"}],"wp:attachment":[{"href":"https:\/\/advk.ch\/fr\/wp-json\/wp\/v2\/media?parent=10002505"}],"wp:term":[{"taxonomy":"post_tag","embeddable":true,"href":"https:\/\/advk.ch\/fr\/wp-json\/wp\/v2\/tags?post=10002505"},{"taxonomy":"tribe_events_cat","embeddable":true,"href":"https:\/\/advk.ch\/fr\/wp-json\/wp\/v2\/tribe_events_cat?post=10002505"}],"curies":[{"name":"wp","href":"https:\/\/api.w.org\/{rel}","templated":true}]}}

<div class="elementor-element elementor-element-614214e2 e-con-full e-flex e-con e-child" role="region" aria-labelledby="e-n-accordion-item-2040" data-id="614214e2" data-element_type="container">
<div class="elementor-element elementor-element-47cf9de5 elementor-widget elementor-widget-text-editor" data-id="47cf9de5" data-element_type="widget" data-widget_type="text-editor.default">
<div class="elementor-widget-container">
<ul>
<li>Lieu du cours : ERZ ARA Glatt à Opfikon Zurich</li>
</ul>
<p><strong>Thèmes :</strong></p>
<ul>
<li>Assurer la sécurité au travail et la protection de la santé</li>
<li>Assurer la protection de l&rsquo;environnement et de l&rsquo;eau</li>
</ul>
</div>
</div>
</div>

<p>Lieu du cours : ERZ ARA Glatt à Opfikon Zurich Thèmes : Assurer la sécurité au travail et la protection de la santé Assurer la protection de l&rsquo;environnement et de [&hellip;]</p>
