{"id":10002886,"date":"2026-07-09T11:11:42","date_gmt":"2026-07-09T09:11:42","guid":{"rendered":"https:\/\/advk.ch\/?post_type=tribe_events&#038;p=7083"},"modified":"2026-07-10T15:13:50","modified_gmt":"2026-07-10T13:13:50","slug":"operateur-de-cameras-video-de-canalisations-5-jours","status":"publish","type":"tribe_events","link":"https:\/\/advk.ch\/fr\/event\/operateur-de-cameras-video-de-canalisations-5-jours\/2027-03-15\/","title":{"rendered":"Op\u00e9rateur de cam\u00e9ras vid\u00e9o de canalisations (5 jours)"},"content":{"rendered":"<p><strong>Lieu du cours : <\/strong>Centre TCS Cossonay<\/p>\n<ul>\n<li><span class=\"black\">pas de reconnaissance OACP<\/span><\/li>\n<li><span class=\"black\">Prix pour les membres :<strong> 1850<\/strong><\/span><strong>.00 hors TVA<br \/>\n<\/strong><\/li>\n<li><span class=\"black\">Prix pour les non-membres : <strong>2350<\/strong><\/span><strong>.00 hors TVA <\/strong><\/li>\n<\/ul>\n<p><strong>Emporter avec soi :<\/strong><\/p>\n<ul>\n<li>V\u00e9hicule TV propre \u00e0 la cha\u00eene avec cam\u00e9ra et logiciel fonctionnel<\/li>\n<li>Connaissance de son propre logiciel et de la gestion de la cam\u00e9ra<\/li>\n<li>Au moins 1 an d&rsquo;exp\u00e9rience sur votre propre camion<\/li>\n<li>Exp\u00e9rience de la tenue de registres souhait\u00e9e<\/li>\n<\/ul>\n<p><strong>Condition d&rsquo;admission :<br \/>\n<\/strong>Cours \u00ab\u00a0S\u00e9curit\u00e9 + sant\u00e9 dans le transport et la manutention des d\u00e9chets\u00a0\u00bb, avec certificat de s\u00e9curit\u00e9.<strong><br \/>\n<\/strong><\/p>\n<p><strong>Inscription \u00e0 la formation : <\/strong><a href=\"https:\/\/www.astag.ch\/fr\/formation-formation-continue\/offre-de-cours\/detail\/operateur-de-cameras-video-de-canalisations-5-jours\/3296-Cossonay-Ville-15.03.2027\" target=\"_blank\" rel=\"noopener\"><span class=\"lead\">Vers l&rsquo;inscription<\/span><\/a><\/p>\n","protected":false},"excerpt":{"rendered":"<p>Lieu du cours : Centre TCS Cossonay pas de reconnaissance OACP Prix pour les membres : 1850.00 hors TVA Prix pour les non-membres : 2350.00 hors TVA Emporter avec soi [&hellip;]<\/p>\n","protected":false},"author":6,"featured_media":0,"template":"","meta":{"_tribe_events_status":"","_tribe_events_status_reason":"","_tribe_events_is_hybrid":"","_tribe_events_is_virtual":"","_tribe_events_virtual_video_source":"","_tribe_events_virtual_embed_video":"","_tribe_events_virtual_linked_button_text":"","_tribe_events_virtual_linked_button":"","_tribe_events_virtual_show_embed_at":"","_tribe_events_virtual_show_embed_to":[],"_tribe_events_virtual_show_on_event":"","_tribe_events_virtual_show_on_views":"","_tribe_events_virtual_url":"","footnotes":""},"tags":[84],"tribe_events_cat":[58],"class_list":["post-10002886","tribe_events","type-tribe_events","status-publish","hentry","tag-franzosisch","tribe_events_cat-formations-continues","cat_formations-continues","tribe-recurring-event","tribe-recurring-event-parent"],"publishpress_future_workflow_manual_trigger":{"enabledWorkflows":[]},"_links":{"self":[{"href":"https:\/\/advk.ch\/fr\/wp-json\/wp\/v2\/tribe_events\/10002886","targetHints":{"allow":["GET"]}}],"collection":[{"href":"https:\/\/advk.ch\/fr\/wp-json\/wp\/v2\/tribe_events"}],"about":[{"href":"https:\/\/advk.ch\/fr\/wp-json\/wp\/v2\/types\/tribe_events"}],"author":[{"embeddable":true,"href":"https:\/\/advk.ch\/fr\/wp-json\/wp\/v2\/users\/6"}],"version-history":[{"count":0,"href":"https:\/\/advk.ch\/fr\/wp-json\/wp\/v2\/tribe_events\/10002886\/revisions"}],"wp:attachment":[{"href":"https:\/\/advk.ch\/fr\/wp-json\/wp\/v2\/media?parent=10002886"}],"wp:term":[{"taxonomy":"post_tag","embeddable":true,"href":"https:\/\/advk.ch\/fr\/wp-json\/wp\/v2\/tags?post=10002886"},{"taxonomy":"tribe_events_cat","embeddable":true,"href":"https:\/\/advk.ch\/fr\/wp-json\/wp\/v2\/tribe_events_cat?post=10002886"}],"curies":[{"name":"wp","href":"https:\/\/api.w.org\/{rel}","templated":true}]}}

Opérateur de caméras vidéo de canalisations (5 jours)

<p><strong>Lieu du cours : </strong>Centre TCS Cossonay</p>
<ul>
<li><span class="black">pas de reconnaissance OACP</span></li>
<li><span class="black">Prix pour les membres :<strong> 1850</strong></span><strong>.00 hors TVA<br />
</strong></li>
<li><span class="black">Prix pour les non-membres : <strong>2350</strong></span><strong>.00 hors TVA </strong></li>
</ul>
<p><strong>Emporter avec soi :</strong></p>
<ul>
<li>Véhicule TV propre à la chaîne avec caméra et logiciel fonctionnel</li>
<li>Connaissance de son propre logiciel et de la gestion de la caméra</li>
<li>Au moins 1 an d&rsquo;expérience sur votre propre camion</li>
<li>Expérience de la tenue de registres souhaitée</li>
</ul>
<p><strong>Condition d&rsquo;admission :<br />
</strong>Cours « Sécurité + santé dans le transport et la manutention des déchets », avec certificat de sécurité.<strong><br />
</strong></p>
<p><strong>Inscription à la formation : </strong><a href="https://www.astag.ch/fr/formation-formation-continue/offre-de-cours/detail/operateur-de-cameras-video-de-canalisations-5-jours/3296-Cossonay-Ville-15.03.2027" target="_blank" rel="noopener"><span class="lead">Vers l&rsquo;inscription</span></a></p>
