{"id":7241,"date":"2026-07-16T14:53:00","date_gmt":"2026-07-16T12:53:00","guid":{"rendered":"https:\/\/advk.ch\/?post_type=tribe_events&#038;p=7241"},"modified":"2026-07-16T14:53:00","modified_gmt":"2026-07-16T12:53:00","slug":"ceremonie-finale-pq-2027","status":"publish","type":"tribe_events","link":"https:\/\/advk.ch\/fr\/event\/ceremonie-finale-pq-2027\/","title":{"rendered":"C\u00e9r\u00e9monie finale PQ 2027"},"content":{"rendered":"<p><strong>Lieu<\/strong> : Eventlounge Schwellenm\u00e4tteli \u00e0 Berne<\/p>\n<p><strong>Programme<\/strong> : \u00e0 suivre<\/p>\n","protected":false},"excerpt":{"rendered":"<p>Lieu : Eventlounge Schwellenm\u00e4tteli \u00e0 Berne Programme : \u00e0 suivre<\/p>\n","protected":false},"author":6,"featured_media":0,"template":"","meta":{"_tribe_events_status":"","_tribe_events_status_reason":"","_tribe_events_is_hybrid":"","_tribe_events_is_virtual":"","_tribe_events_virtual_video_source":"","_tribe_events_virtual_embed_video":"","_tribe_events_virtual_linked_button_text":"","_tribe_events_virtual_linked_button":"","_tribe_events_virtual_show_embed_at":"","_tribe_events_virtual_show_embed_to":[],"_tribe_events_virtual_show_on_event":"","_tribe_events_virtual_show_on_views":"","_tribe_events_virtual_url":"","footnotes":""},"tags":[84],"tribe_events_cat":[95],"class_list":["post-7241","tribe_events","type-tribe_events","status-publish","hentry","tag-franzosisch","tribe_events_cat-pq","cat_pq"],"publishpress_future_workflow_manual_trigger":{"enabledWorkflows":[]},"_links":{"self":[{"href":"https:\/\/advk.ch\/fr\/wp-json\/wp\/v2\/tribe_events\/7241","targetHints":{"allow":["GET"]}}],"collection":[{"href":"https:\/\/advk.ch\/fr\/wp-json\/wp\/v2\/tribe_events"}],"about":[{"href":"https:\/\/advk.ch\/fr\/wp-json\/wp\/v2\/types\/tribe_events"}],"author":[{"embeddable":true,"href":"https:\/\/advk.ch\/fr\/wp-json\/wp\/v2\/users\/6"}],"version-history":[{"count":2,"href":"https:\/\/advk.ch\/fr\/wp-json\/wp\/v2\/tribe_events\/7241\/revisions"}],"predecessor-version":[{"id":7245,"href":"https:\/\/advk.ch\/fr\/wp-json\/wp\/v2\/tribe_events\/7241\/revisions\/7245"}],"wp:attachment":[{"href":"https:\/\/advk.ch\/fr\/wp-json\/wp\/v2\/media?parent=7241"}],"wp:term":[{"taxonomy":"post_tag","embeddable":true,"href":"https:\/\/advk.ch\/fr\/wp-json\/wp\/v2\/tags?post=7241"},{"taxonomy":"tribe_events_cat","embeddable":true,"href":"https:\/\/advk.ch\/fr\/wp-json\/wp\/v2\/tribe_events_cat?post=7241"}],"curies":[{"name":"wp","href":"https:\/\/api.w.org\/{rel}","templated":true}]}}

Cérémonie finale PQ 2027

<p><strong>Lieu</strong> : Eventlounge Schwellenmätteli à Berne</p>
<p><strong>Programme</strong> : à suivre</p>

<p>Lieu : Eventlounge Schwellenmätteli à Berne Programme : à suivre</p>
